{"id":51,"date":"2020-01-12T19:35:51","date_gmt":"2020-01-12T17:35:51","guid":{"rendered":"https:\/\/yscouts.wordpress.com\/?page_id=51"},"modified":"2025-06-13T09:57:28","modified_gmt":"2025-06-13T06:57:28","slug":"tyoryhma","status":"publish","type":"page","link":"https:\/\/ymca.fi\/Y-Scouts\/tyoryhma\/","title":{"rendered":"Ty\u00f6ryhm\u00e4"},"content":{"rendered":"\n<p class=\"has-text-align-left\">Ty\u00f6ryhm\u00e4 vastaa toiminnan k\u00e4yt\u00f6nn\u00f6n koordinoinnista ja yhteydenpidosta lippukuntiin. Ty\u00f6ryhm\u00e4 toimii aktiivisena toimijana lippukuntien kanssa yhteisty\u00f6ss\u00e4 kuin taustayhteis\u00f6ss\u00e4 YMCA Finlandissa sek\u00e4 muissa sidosryhmiss\u00e4. Ty\u00f6ryhm\u00e4 mahdollistaa Y-Scouts verkoston toimivuuden. <\/p>\n\n\n\n<p class=\"has-text-align-left\">Y-Scouts ty\u00f6ryhm\u00e4 hy\u00f6dynt\u00e4\u00e4 toiminnassaan Office 365-ty\u00f6ymp\u00e4rist\u00f6\u00e4, joka tiedosto-kirjastona ja sit\u00e4 kautta voidaan jakaa tietoa, tiedostoja ja vinkkej\u00e4 Y-Scouts lippukuntien v\u00e4lill\u00e4. Ty\u00f6ryhm\u00e4 kokoontuu noin kerran kuukaudessa tarpeista riippuen. Usein kokoukset ovat et\u00e4n\u00e4, mutta kasvotusten pyrit\u00e4\u00e4n tapaamaan pari kertaa vuodessa.<\/p>\n\n\n\n<h2 class=\"wp-block-heading\">Ota yhteytt\u00e4<\/h2>\n\n\n\n<div class=\"wp-block-media-text alignwide has-media-on-the-right is-stacked-on-mobile\"><div class=\"wp-block-media-text__content\">\n<h2 class=\"wp-block-heading has-text-align-left\">Victor Spiby<\/h2>\n\n\n\n<p class=\"has-text-align-left\" style=\"font-size:16px\">Puheenjohtaja<\/p>\n\n\n\n<p class=\"has-text-align-left\" style=\"font-size:16px\">Helsingfors KFUK\/M Scouter<br><\/p>\n\n\n\n<p class=\"has-text-align-left\" style=\"font-size:16px\">victor.spiby(at)ymca.fi<\/p>\n<\/div><figure class=\"wp-block-media-text__media\"><img loading=\"lazy\" decoding=\"async\" width=\"798\" height=\"1024\" src=\"https:\/\/ymca.fi\/Y-Scouts\/wp-content\/uploads\/2023\/01\/victorjabp2022-798x1024.jpg\" alt=\"\" class=\"wp-image-752 size-full\" srcset=\"https:\/\/ymca.fi\/Y-Scouts\/wp-content\/uploads\/2023\/01\/victorjabp2022-798x1024.jpg 798w, https:\/\/ymca.fi\/Y-Scouts\/wp-content\/uploads\/2023\/01\/victorjabp2022-234x300.jpg 234w, https:\/\/ymca.fi\/Y-Scouts\/wp-content\/uploads\/2023\/01\/victorjabp2022-768x986.jpg 768w, https:\/\/ymca.fi\/Y-Scouts\/wp-content\/uploads\/2023\/01\/victorjabp2022-1197x1536.jpg 1197w, https:\/\/ymca.fi\/Y-Scouts\/wp-content\/uploads\/2023\/01\/victorjabp2022-1595x2048.jpg 1595w, https:\/\/ymca.fi\/Y-Scouts\/wp-content\/uploads\/2023\/01\/victorjabp2022-1568x2013.jpg 1568w, https:\/\/ymca.fi\/Y-Scouts\/wp-content\/uploads\/2023\/01\/victorjabp2022-scaled.jpg 1994w\" sizes=\"auto, (max-width: 798px) 100vw, 798px\" \/><\/figure><\/div>\n\n\n\n<div class=\"wp-block-media-text alignwide is-stacked-on-mobile\"><figure class=\"wp-block-media-text__media\"><img loading=\"lazy\" decoding=\"async\" width=\"768\" height=\"1024\" src=\"https:\/\/ymca.fi\/Y-Scouts\/wp-content\/uploads\/2025\/06\/IMG_0590-768x1024.jpeg\" alt=\"\" class=\"wp-image-838 size-full\" srcset=\"https:\/\/ymca.fi\/Y-Scouts\/wp-content\/uploads\/2025\/06\/IMG_0590-768x1024.jpeg 768w, https:\/\/ymca.fi\/Y-Scouts\/wp-content\/uploads\/2025\/06\/IMG_0590-225x300.jpeg 225w, https:\/\/ymca.fi\/Y-Scouts\/wp-content\/uploads\/2025\/06\/IMG_0590-1152x1536.jpeg 1152w, https:\/\/ymca.fi\/Y-Scouts\/wp-content\/uploads\/2025\/06\/IMG_0590-1536x2048.jpeg 1536w, https:\/\/ymca.fi\/Y-Scouts\/wp-content\/uploads\/2025\/06\/IMG_0590-1568x2091.jpeg 1568w, https:\/\/ymca.fi\/Y-Scouts\/wp-content\/uploads\/2025\/06\/IMG_0590-scaled.jpeg 1920w\" sizes=\"auto, (max-width: 768px) 100vw, 768px\" \/><\/figure><div class=\"wp-block-media-text__content\">\n<h2 class=\"wp-block-heading has-text-align-left\"><br>Henri &#8221;Henkka&#8221; Backman<\/h2>\n\n\n\n<p class=\"has-text-align-left\" style=\"font-size:16px\">Viestint\u00e4vastaava<br><br>Tampereen Kotkat<br><br>henri.backman (at) ymca.fi<\/p>\n\n\n\n<p><\/p>\n\n\n\n<p><\/p>\n\n\n\n<p><\/p>\n<\/div><\/div>\n\n\n\n<p><\/p>\n\n\n\n<div class=\"wp-block-media-text alignwide has-media-on-the-right is-stacked-on-mobile\"><div class=\"wp-block-media-text__content\">\n<h2 class=\"wp-block-heading has-text-align-left\">Antti Afflekt<\/h2>\n\n\n\n<p class=\"has-text-align-left\" style=\"font-size:16px\">Lippukuntayhteisty\u00f6 ja O365 ymp\u00e4rist\u00f6<\/p>\n\n\n\n<p class=\"has-text-align-left\" style=\"font-size:16px\">Puijon Pojat \/ Kuopion NMKY<br>Liittohallituksen edustaja<\/p>\n\n\n\n<p class=\"has-text-align-left\" style=\"font-size:16px\"> antti.afflekt(at)ymca.fi <\/p>\n<\/div><figure class=\"wp-block-media-text__media\"><img loading=\"lazy\" decoding=\"async\" width=\"768\" height=\"1024\" src=\"https:\/\/ymca.fi\/Y-Scouts\/wp-content\/uploads\/2020\/04\/AnttiA-768x1024.jpg\" alt=\"\" class=\"wp-image-387 size-full\" srcset=\"https:\/\/ymca.fi\/Y-Scouts\/wp-content\/uploads\/2020\/04\/AnttiA-768x1024.jpg 768w, https:\/\/ymca.fi\/Y-Scouts\/wp-content\/uploads\/2020\/04\/AnttiA-225x300.jpg 225w, https:\/\/ymca.fi\/Y-Scouts\/wp-content\/uploads\/2020\/04\/AnttiA-1152x1536.jpg 1152w, https:\/\/ymca.fi\/Y-Scouts\/wp-content\/uploads\/2020\/04\/AnttiA-1536x2048.jpg 1536w, https:\/\/ymca.fi\/Y-Scouts\/wp-content\/uploads\/2020\/04\/AnttiA-1568x2091.jpg 1568w, https:\/\/ymca.fi\/Y-Scouts\/wp-content\/uploads\/2020\/04\/AnttiA-scaled.jpg 1920w\" sizes=\"auto, (max-width: 768px) 100vw, 768px\" \/><\/figure><\/div>\n\n\n\n<div class=\"wp-block-media-text alignwide has-media-on-the-right is-stacked-on-mobile\"><div class=\"wp-block-media-text__content\">\n<h2 class=\"wp-block-heading has-text-align-left\">Ronja Saraste<\/h2>\n\n\n\n<p class=\"has-text-align-left\" style=\"font-size:16px\">Kansainv\u00e4lisyysvastaava ja ESG:n hallituksen Suomen edustaja.<br><br>Pohjan Veikot<br><br>ronja.saraste(at)ymca.fi<\/p>\n<\/div><figure class=\"wp-block-media-text__media\"><img loading=\"lazy\" decoding=\"async\" width=\"927\" height=\"1024\" src=\"https:\/\/ymca.fi\/Y-Scouts\/wp-content\/uploads\/2024\/03\/IMG_20230726_004234-scaled-e1710604447952-927x1024.jpg\" alt=\"\" class=\"wp-image-780 size-full\" srcset=\"https:\/\/ymca.fi\/Y-Scouts\/wp-content\/uploads\/2024\/03\/IMG_20230726_004234-scaled-e1710604447952-927x1024.jpg 927w, https:\/\/ymca.fi\/Y-Scouts\/wp-content\/uploads\/2024\/03\/IMG_20230726_004234-scaled-e1710604447952-272x300.jpg 272w, https:\/\/ymca.fi\/Y-Scouts\/wp-content\/uploads\/2024\/03\/IMG_20230726_004234-scaled-e1710604447952-768x848.jpg 768w, https:\/\/ymca.fi\/Y-Scouts\/wp-content\/uploads\/2024\/03\/IMG_20230726_004234-scaled-e1710604447952-1391x1536.jpg 1391w, https:\/\/ymca.fi\/Y-Scouts\/wp-content\/uploads\/2024\/03\/IMG_20230726_004234-scaled-e1710604447952-1855x2048.jpg 1855w, https:\/\/ymca.fi\/Y-Scouts\/wp-content\/uploads\/2024\/03\/IMG_20230726_004234-scaled-e1710604447952-1568x1731.jpg 1568w, https:\/\/ymca.fi\/Y-Scouts\/wp-content\/uploads\/2024\/03\/IMG_20230726_004234-scaled-e1710604447952.jpg 1920w\" sizes=\"auto, (max-width: 927px) 100vw, 927px\" \/><\/figure><\/div>\n\n\n\n<div style=\"height:32px\" aria-hidden=\"true\" class=\"wp-block-spacer desktop-only\"><\/div>\n\n\n\n<hr class=\"wp-block-separator has-css-opacity is-style-wide\"\/>\n\n\n\n<div style=\"height:32px\" aria-hidden=\"true\" class=\"wp-block-spacer desktop-only\"><\/div>\n\n\n\n<hr class=\"wp-block-separator has-css-opacity is-style-wide\"\/>\n\n\n\n<div style=\"height:32px\" aria-hidden=\"true\" class=\"wp-block-spacer\"><\/div>\n","protected":false},"excerpt":{"rendered":"<p>Ty\u00f6ryhm\u00e4 vastaa toiminnan k\u00e4yt\u00f6nn\u00f6n koordinoinnista ja yhteydenpidosta lippukuntiin. Ty\u00f6ryhm\u00e4 toimii aktiivisena toimijana lippukuntien kanssa yhteisty\u00f6ss\u00e4 kuin taustayhteis\u00f6ss\u00e4 YMCA Finlandissa sek\u00e4 muissa sidosryhmiss\u00e4. Ty\u00f6ryhm\u00e4 mahdollistaa Y-Scouts verkoston toimivuuden. Y-Scouts ty\u00f6ryhm\u00e4 hy\u00f6dynt\u00e4\u00e4 toiminnassaan Office 365-ty\u00f6ymp\u00e4rist\u00f6\u00e4, joka tiedosto-kirjastona ja sit\u00e4 kautta voidaan jakaa tietoa, tiedostoja ja vinkkej\u00e4 Y-Scouts lippukuntien v\u00e4lill\u00e4. Ty\u00f6ryhm\u00e4 kokoontuu noin kerran kuukaudessa tarpeista riippuen. Usein<a class=\"more-link\" href=\"https:\/\/ymca.fi\/Y-Scouts\/tyoryhma\/\">Continue reading <span class=\"screen-reader-text\">&#8221;Ty\u00f6ryhm\u00e4&#8221;<\/span><\/a><\/p>\n","protected":false},"author":1,"featured_media":0,"parent":0,"menu_order":0,"comment_status":"closed","ping_status":"closed","template":"","meta":{"footnotes":""},"class_list":["post-51","page","type-page","status-publish","hentry","entry"],"jetpack_sharing_enabled":true,"_links":{"self":[{"href":"https:\/\/ymca.fi\/Y-Scouts\/wp-json\/wp\/v2\/pages\/51","targetHints":{"allow":["GET"]}}],"collection":[{"href":"https:\/\/ymca.fi\/Y-Scouts\/wp-json\/wp\/v2\/pages"}],"about":[{"href":"https:\/\/ymca.fi\/Y-Scouts\/wp-json\/wp\/v2\/types\/page"}],"author":[{"embeddable":true,"href":"https:\/\/ymca.fi\/Y-Scouts\/wp-json\/wp\/v2\/users\/1"}],"replies":[{"embeddable":true,"href":"https:\/\/ymca.fi\/Y-Scouts\/wp-json\/wp\/v2\/comments?post=51"}],"version-history":[{"count":20,"href":"https:\/\/ymca.fi\/Y-Scouts\/wp-json\/wp\/v2\/pages\/51\/revisions"}],"predecessor-version":[{"id":842,"href":"https:\/\/ymca.fi\/Y-Scouts\/wp-json\/wp\/v2\/pages\/51\/revisions\/842"}],"wp:attachment":[{"href":"https:\/\/ymca.fi\/Y-Scouts\/wp-json\/wp\/v2\/media?parent=51"}],"curies":[{"name":"wp","href":"https:\/\/api.w.org\/{rel}","templated":true}]}}